t = -r - 40, 5*t - 2*t + 42 = -3*r. Is l(t) composite?
False
Let t = -66407 + 101038. Is t composite?
False
Suppose -4*d + 27 = d + u, 2*u - 29 = -5*d. Suppose -w = d*k - 773, -w - 4*k = 2*w - 2275. Is w a composite number?
True
Let k = 597 + 275. Let o = k + 131. Is o a composite number?
True
Let n(k) = 4*k**3 + 5*k**2 + k - 4. Let d be n(4). Let x = -513 - -736. Let m = d - x. Is m prime?
True
Let s be 10/(-55) - 13/(-11). Let m(g) = -g - 1. Let x(r) = -40*r - 9. Let d(c) = s*x(c) + 2*m(c). Is d(-4) a composite number?
False
Let j = -28899 + 60055. Suppose 0 = -71*x + 75*x - j. Is x a composite number?
False
Let f be -9*(20/6)/2. Let y be ((-12)/f)/(2/5). Suppose -y*d + 1119 = 5*r, -r + 44 = -3*d - 173. Is r prime?
True
Suppose o = 3*i + 2229 + 17138, 0 = -4*o + 3*i + 77486. Is o a composite number?
False
Let t = -919 + 2357. Let b = t - 480. Suppose m + h = 479, 2*m + 2*h = 4*h + b. Is m composite?
False
Let v be 0 + -2 + -1 + -1. Let x be (1/(-4))/((-1)/v). Let p(h) = -117*h**3 + h**2 - h - 1. Is p(x) a prime number?
False
Let z(s) = s**2 + 43*s - 69. Let f(x) = -x**2 - 22*x + 34. Let u(p) = -7*f(p) - 4*z(p). Is u(11) a composite number?
True
Suppose -31725 = -9*f + 25416. Is f composite?
True
Suppose 18*l + 38972 = 22*l. Is l composite?
False
Let j(m) = -4 - 9*m + 9 + 0*m - m**2. Let p be j(-9). Suppose 0 = -p*q + 1014 - 89. Is q a composite number?
True
Let h(o) = -o**2 + 7*o + 5. Let v be h(8). Is (-8)/(-12) + (-10975)/v prime?
True
Let i = -3688 - -5381. Is i composite?
False
Let k(o) = -8*o**3 + 11*o**2 + 7*o + 17. Let g(j) = -j**3 + 5*j**2 + 2*j + 17. Let l be g(6). Is k(l) a prime number?
True
Let p(d) = 6*d**2 + 43*d - 32. Is p(-15) prime?
True
Let j = 7 - 2. Suppose 0*p - j*m = -3*p + 3138, 0 = 4*p + 2*m - 4184. Suppose 0 = 4*u - 5*g - p, 0*u + 4*g + 267 = u. Is u prime?
False
Suppose -450 = 11*f - 2*f. Let v = f + 103. Is v prime?
True
Let g(o) = 100*o**2 + 26*o - 1. Is g(-3) a composite number?
False
Suppose -5*n + n = -2*l + 3878, 4*l = -3*n + 7811. Is l a prime number?
True
Let j(u) = 113*u - 3. Let p be (-11)/(-9) - 2/9. Let n be 15/9 - p/(-3). Is j(n) composite?
False
Let s = 4016 + -2557. Is s composite?
False
Let i be (-3 + 7 - 4)/(-2). Let a be 6 - -11 - (i + -4). Suppose 0 = h - 28 + a. Is h a prime number?
True
Suppose -772*i = -771*i - 39209. Is i a composite number?
False
Suppose 12 = d + 9. Is d*((-1)/(-3) - (-116)/6) a prime number?
True
Let h be 18*(85/2 - (-5 - -7)). Suppose 5*g + 556 = 3*r, -g - 167 + h = 3*r. Is r prime?
False
Suppose 3*b - 6431 = 10756. Is b composite?
True
Suppose -55*y = -33*y - 3120194. Is y a composite number?
True
Suppose -5*z + 3*p + 26 = 5*p, 2*p + 14 = 5*z. Suppose -4*a + 189 = -3*n, -z*n + 260 = 5*a - 3*n. Is a a composite number?
True
Let p = 17 + -16. Let j(a) = -16*a**3 + 1 + 78*a**3 + 28*a**3 - a - a. Is j(p) a composite number?
False
Let j = 56395 + -30692. Is j a composite number?
False
Is ((-284)/994)/((-2)/460327) a composite number?
False
Let x = 1608 + -3973. Let b = -216 - x. Is b composite?
True
Let a(l) be the second derivative of -l**3/6 + 13*l**2/2 - 8*l. Let q be a(11). Is ((-149)/q)/(6/(-12)) composite?
False
Let a be (28/10 - 2)*-5. Let x be (-90)/12*a/10. Suppose 0 = x*r - 5*u - 0*u - 1658, -2*r + 1107 = -5*u. Is r prime?
False
Suppose 7 = -b - 12. Let h(x) be the second derivative of -2*x**3/3 + 9*x**2/2 - 41*x. Is h(b) prime?
False
Let m(u) = 534*u - 50. Let d be m(6). Suppose -4*q + d = 2*g - 0*g, -3*q - 7937 = -5*g. Is g composite?
True
Is 0 - (-6140 + 2) - (45 + -50) composite?
False
Let p(i) be the second derivative of -7*i**3/6 + 2*i**2 + 99*i. Suppose 4*t = w - 28, 4*t = -w + 5 - 33. Is p(t) a prime number?
True
Suppose 5*b - 2*s - 27530 = 3701, -3*s = -b + 6241. Is b prime?
True
Suppose -31*w + 26*w - 5*r = -622605, -373579 = -3*w + 5*r. Is w a composite number?
True
Let n(i) = 39*i**2 - 6*i + 3. Let q be n(-3). Suppose 279 + q = 3*l. Is l a prime number?
False
Suppose -5*l = 8*l - 368485. Is l prime?
False
Is (-10 + 7007)/(4 + (-2 - 1)) a composite number?
False
Let g be (-36)/24*1156/6. Let p = g + 1150. Let l = -610 + p. Is l composite?
False
Let d(w) = 963*w + 1. Is d(6) a composite number?
False
Let g(f) = f - 19. Suppose -2*d - 27 = -3*s, 3*s - 21 = -d + 6. Let p be g(s). Let r = 105 - p. Is r composite?
True
Let p(b) = -b**3 - 14*b**2 - 4*b + 1. Let c be p(-9). Is (c/(-40))/((-4)/(-10)) a prime number?
True
Let o(w) = w**3 + 3*w**2 - 12*w - 29. Let y(l) = -3*l**3 - 9*l**2 + 36*l + 87. Let m(t) = 7*o(t) + 2*y(t). Is m(10) a composite number?
False
Let k = -73 - 65. Let h be 24/16 + k/(-4). Let b = h - -91. Is b composite?
False
Suppose -2*s + 16*s = 36526. Is s prime?
True
Let h = 373 + 214. Is h a composite number?
False
Is 8/(8/(-3)) - -3644 a composite number?
True
Let o(t) = 3*t**2 + 27*t + 19. Is o(-20) a composite number?
True
Is 39972/22 + (-6)/(-66) + 0 composite?
True
Is 8818*(3/(-33) - (-264)/242) prime?
False
Is -3854*2/(4 - 14 - -6) prime?
False
Suppose s - 634 - 562 = 5*r, -s - 3*r + 1180 = 0. Is s prime?
False
Let x(h) = 4*h**2 + h + 4. Let s(g) = 5*g**2 + g + 3. Let o(z) = 6*s(z) - 5*x(z). Let a(v) = v**3 + 11*v**2 + 10*v - 3. Let k be a(-10). Is o(k) composite?
True
Suppose 3*y - 12 = y. Let w(g) = -g**3 + 14*g**2 + 4*g + 9. Let q be w(y). Let i = -215 + q. Is i prime?
False
Let x(b) = -b**2 - 4*b - 5. Let s be x(-4). Let u(m) = -296*m - 21. Is u(s) composite?
False
Let y(q) = q**2 + 8*q - 22. Let x(u) = 4*u - 17. Let w be x(6). Let m = w + -22. Is y(m) a composite number?
False
Let u = 125874 - 69611. Is u prime?
True
Is (4 - 881/(0 + 1))/(-1) a prime number?
True
Suppose 14*g - 9*g = 1895. Is g a prime number?
True
Suppose 3*t + 766 = 5*t. Let s = -447 - -703. Let j = t - s. Is j prime?
True
Suppose 0*f - f - 2250 = -3*i, -i - f = -750. Suppose 0*z + 10*z - 20 = 0. Suppose i + 324 = z*s. Is s a composite number?
True
Suppose -5*j - 4*r + 5*r = -703792, -5*j + 4*r + 703783 = 0. Is j a composite number?
False
Let o(q) = 31*q**3 - 3*q**2 - q - 2. Let x = -21 + 23. Let y(n) = 32*n**3 - 2*n**2 - n - 1. Let j(m) = x*o(m) - 3*y(m). Is j(-2) a prime number?
True
Let m be (-1608)/7*14/(-2). Suppose 0 = -2*a + 574 + m. Is a a composite number?
False
Suppose 5*r + 3*i - 243232 = 0, -43028 = -3*r + 4*i + 102917. Is r composite?
False
Let q(b) = -2*b - 10. Let x be q(-6). Is ((-3)/x)/((-1)/4) composite?
True
Suppose 182*i + 4892 = 184*i. Is i a composite number?
True
Suppose -4*q - 5 = -3*y, 2*q - 1 = -5*y - 10. Let f = 5 + q. Suppose f*t - 904 = -t. Is t a composite number?
True
Suppose -13*b + 447 = -10*b. Let z = -58 + b. Is z composite?
True
Suppose -10 = s - 66. Suppose -s*r - 6140 = -60*r. Is r composite?
True
Suppose 5*d + 5*w = 64934 - 3094, -3*w - 15 = 0. Is d a composite number?
False
Let d(m) = 15*m**2 - 45*m - 149. Is d(-42) prime?
True
Let m(x) = -x**3 - 15*x**2 - 4*x + 27. Is m(-17) prime?
True
Let m = -19 + 22. Is (m/(-9))/((-2)/2706) prime?
False
Let l(v) = -v**2 + 5*v + 5. Suppose 0 = -4*m + 20, 0*q + 5*q + m - 30 = 0. Let s be l(q). Suppose -f - s*f = -582. Is f composite?
False
Let j be 33/(-5) + 4/(-10). Let r = j - -1096. Suppose 0 = 4*t + 3*k - 2243, 2*t = -0*k + 5*k + r. Is t a composite number?
False
Let m(j) = -j**3 + j - 8. Let b be m(0). Let c be 4/b*9*-8. Suppose -5*k = 5*n - 285, 0 = 4*n - 5*k - 210 - c. Is n a composite number?
False
Let w = -1593 - -1738. Is w a composite number?
True
Is (-12)/(-126) + (-11876)/252*-15 a composite number?
True
Let n(z) = 88*z + 15. Let c be n(-9). Let a = 1196 + c. Is a a composite number?
False
Let r(b) = -10*b**3 - 14*b**2 - 9*b - 69. Is r(-10) prime?
False
Suppose 2*j + 3*s = -2*s - 182, 0 = 2*s. Let h = j + 125. Is h a composite number?
True
Suppose 8*q = 6*q - 2*s + 1976, -5*q + 4947 = -2*s. Is q a composite number?
True
Suppose q + 18 - 2 = 0. Let d = q - -17. Is (d/3)/(12/24372) prime?
True
Let p = -148 + 142. Is -327*(1 - (-8)/p) a prime number?
True
Let n be 5 - (-5 + -5 - -5). Let v(q) = -13 + 0*q + 2*q**2 + 7*q + q**3 - 7*q**2. Is v(n) composite?
False
Let h be (-1 + (-2)/(8/(-6)))*1726. Suppose 235 = -4*p + h. Is p a prime number?
True
Let s be -1 - 0 - (-2 - 23). Let q be 1318/(-3)*(-111)/74. Suppose s = -5*a + q. Is a a composite number?
False
Let n(w) be the secon